 13*l**2 - 187*l + 66. What is s(14)?
-4
Let f(z) = -2*z**2 + 11*z - 4. What is f(5)?
1
Let g(d) = d + 9. Give g(-7).
2
Let v(q) = q**2 + 3*q + 1. Determine v(-9).
55
Let k(n) = 3*n + 49. Determine k(-18).
-5
Let r(u) = -u - 25. Calculate r(-12).
-13
Let t(k) = k**3 - 4*k**2 + 9*k - 9. Calculate t(3).
9
Let f(p) = -p**3 + 14*p**2 + 15*p. Determine f(15).
0
Let t(m) = -2*m**2 + 23*m - 2. Calculate t(13).
-41
Let t(z) = 3*z + 33. Calculate t(-12).
-3
Let x(s) = 6*s + 9. Determine x(10).
69
Let f(w) = -7*w - 41. Give f(-5).
-6
Let p(l) = -l**3 + 6*l**2 - 5*l. Determine p(4).
12
Let s(h) = h**3 - 10*h**2 - 12*h + 13. Give s(11).
2
Let r(i) = -54*i - 4. What is r(0)?
-4
Let h(n) = n**2 + 29*n - 5. What is h(-31)?
57
Let a(m) = -m**2 - 10*m + 2. What is a(-5)?
27
Let t(w) = w**3 - 9*w**2 - 15*w + 22. What is t(10)?
-28
Let r(d) = d + 29. Determine r(0).
29
Let q(p) = 7*p**2 + 4*p + 2. Determine q(-2).
22
Let u(q) = -25*q**3 + q**2. Give u(1).
-24
Let m(d) = -6*d**2 + 14*d - 22. Determine m(3).
-34
Let f(v) = -5*v - 15. What is f(-2)?
-5
Let t(v) = -3*v**2 - 61*v - 23. Give t(-20).
-3
Let u(d) = d**2 - 21*d + 13. Give u(14).
-85
Let v(q) = -q**2 - 2*q - 3. Give v(3).
-18
Let s(n) = -n**3 + 2*n**2 + n + 6. Determine s(2).
8
Let w(y) = 3*y - 33. What is w(16)?
15
Let k(x) = -x**3 - 12*x**2 + 10*x + 2. What is k(-13)?
41
Let q(u) = -2*u**3 - u**2 + 3*u + 1. What is q(-2)?
7
Let f(t) = 4*t - 59. Give f(8).
-27
Let m(c) = 11*c - 4. Give m(6).
62
Let i(d) = d**3 + d**2 - 7*d + 22. Calculate i(0).
22
Let d(a) = a**2 + 11*a + 22. Give d(-10).
12
Let o(i) = -i - 12. Give o(1).
-13
Let h(u) = -3*u + 10. Calculate h(8).
-14
Let w(r) = 33*r - 171. What is w(5)?
-6
Let l(h) = h**2 - 9*h. Calculate l(8).
-8
Let p(x) = -8*x**2 + x + 2. Give p(2).
-28
Let p(s) = -s**3 - 23*s**2 - 62*s - 44. Calculate p(-20).
-4
Let n(w) = w + 11. Calculate n(8).
19
Let m(p) = -p**3 - 55*p**2 + 173*p - 64. What is m(-58)?
-6
Let x(r) = -35*r**2 + 3*r - 1. Calculate x(1).
-33
Let q(t) = 21*t + 21. Give q(-6).
-105
Let w(f) = -6*f**2 + 161*f + 28. What is w(27)?
1
Let w(t) = t**3 - 13*t**2 + 3*t - 31. What is w(13)?
8
Let q(o) = 2*o**2 + 49*o + 136. Calculate q(-3).
7
Let g(m) = 4*m + 28. Determine g(-4).
12
Let c(y) = -3*y + 16. Give c(8).
-8
Let y(z) = 4*z + 12. Determine y(-5).
-8
Let t(d) = d**2 + 17. Give t(0).
17
Let w(a) = -a + 33. Give w(29).
4
Let m(k) = k**3 - 9*k**2 + 14. Determine m(6).
-94
Let s(i) = -i**3 + 15*i**2 - 15*i + 7. Give s(14).
-7
Let y(g) = -3*g - 3. Determine y(5).
-18
Let c(x) = x**2 - 1. Calculate c(7).
48
Let h(s) = -5*s + 21. What is h(2)?
11
Let i(s) = 64*s**3 - 3*s - 3. What is i(-1)?
-64
Let a(x) = 3*x - 20. Determine a(6).
-2
Let j(y) = 2*y**3 + 12*y**2 - 14*y + 4. Calculate j(-7).
4
Let f(x) = -4*x - 25. Give f(-9).
11
Let b(o) = -5*o**2 - 64*o + 3. Give b(-13).
-10
Let n(w) = 47*w + 5. Calculate n(-1).
-42
Let l(v) = -v**2 + 9*v - 3. Determine l(4).
17
Let w(x) = x**2 - 18*x + 35. Determine w(2).
3
Let f(y) = -y**3 + 8*y**2 + 12*y + 11. Give f(9).
38
Let v(x) = -x**3 + 8*x**2 - 17*x - 6. What is v(7)?
-76
Let r(k) = k**2 + 8*k - 15. Give r(-10).
5
Let t(z) = 2*z**2 + 10*z - 9. Determine t(1).
3
Let n(y) = -y**3 + 9*y**2 - 11*y - 18. Give n(7).
3
Let u(z) = z**2 - 16*z - 21. What is u(13)?
-60
Let p(h) = 2*h**2 + 16*h + 2. Give p(-6).
-22
Let r(i) = i + 11. Calculate r(-9).
2
Let g(n) = n**2 - 6*n + 6. Calculate g(6).
6
Let w(p) = p**3 + 9*p**2 + p - 2. Give w(-9).
-11
Let x(w) = w**3 + 11*w**2 + 14*w - 23. Calculate x(-9).
13
Let n(q) = -q**3 - q**2 - q - 1. Calculate n(-4).
51
Let d(a) = a**3 + 6*a**2 - 1. Calculate d(-6).
-1
Let j(w) = -17*w - 1. Calculate j(1).
-18
Let m(l) = -l**3 + l**2 - 2*l - 10. Give m(0).
-10
Let d(h) = -59*h**3 + 2*h**2 - 1. Determine d(-1).
60
Let k(x) = -4*x**3 - 2*x**2 + 1. Determine k(-1).
3
Let c(s) = s**2 + 3*s - 20. Determine c(-6).
-2
Let b(t) = 2*t - 6. What is b(7)?
8
Let m(d) = d**3 + 13*d**2 + d - 5. What is m(-4)?
135
Let x(d) = 4*d**2 - 25*d + 10. Calculate x(6).
4
Let c(v) = -v**3 + 5*v**2 - 9*v + 5. What is c(4)?
-15
Let o(b) = -4*b - 8. What is o(12)?
-56
Let t(l) = -28*l. Calculate t(0).
0
Let a(z) = 4*z - 10. Determine a(16).
54
Let o(x) = 10*x**2 + 13*x - 14. What is o(1)?
9
Let q(r) = -2*r**3 + 11*r**2 + 16. What is q(6)?
-20
Let o(z) = -z**3 - 8*z**2 + 8*z - 18. Calculate o(-9).
-9
Let n(o) = 29*o + 172. Give n(-6).
-2
Let d(j) = -j**3 + 11*j**2 + 13*j - 13. Determine d(12).
-1
Let b(t) = -t + 12. Calculate b(6).
6
Let u(i) = -4*i - 68. Calculate u(-17).
0
Let n(j) = -j**3 + 8*j**2 + 3*j + 5. Give n(8).
29
Let r(n) = 7*n - 19. Give r(2).
-5
Let x(h) = -h**3 + 2*h**2 + 2*h + 57. Give x(0).
57
Let y(o) = o**3 + 3*o**2 + 2*o + 9. Give y(-3).
3
Let i(j) = -22*j**2 + 44*j - 2. Determine i(2).
-2
Let v(d) = -12*d - 40. Calculate v(-9).
68
Let n(f) = 36*f. Determine n(2).
72
Let u(n) = -n**2 - 2*n - 9. Give u(0).
-9
Let h(b) = b**2 + b - 6. Determine h(-5).
14
Let p(i) = i**2 - i + 3. What is p(0)?
3
Let u(i) = -i - 15. Determine u(-8).
-7
Let t(m) = -m**3 + 14*m**2 + 35*m - 46. Give t(16).
2
Let v(y) = -y**3 + 2*y**2 - 4*y + 3. Give v(2).
-5
Let v(k) = -k**2 + 15*k + 78. Give v(19).
2
Let w(l) = l**3 + 8*l - 5. What is w(0)?
-5
Let o(w) = -w**2 + 5*w + 7. Calculate o(6).
1
Let d(v) = v**2 - 35*v + 83. What is d(31)?
-41
Let q(i) = -i**3 + 6*i**2 + 7*i - 10. Determine q(7).
-10
Let j(k) = -9*k - 13. Give j(3).
-40
Let v(n) = n**2 - 7*n + 7. Give v(6).
1
Let o(z) = -z**3 + 10*z**2 - 6*z - 20. Determine o(9).
7
Let k(i) = -11*i - 9. Calculate k(-6).
57
Let u(a) = 4*a + 9. What is u(-7)?
-19
Let p(t) = -2*t - 11. Determine p(0).
-11
Let i(p) = p**3 - 4*p**2 - 5*p + 19. Calculate i(5).
19
Let h(r) = 545*r - 543. What is h(1)?
2
Let t(l) = -2*l**2 + 15*l - 11. Give t(6).
7
Let l(p) = p**3 - 4*p**2 - 17*p - 18. Calculate l(7).
10
Let g(c) = c**3 - 13*c**2 + 11*c + 9. Determine g(12).
-3
Let p(z) = -z - 25. What is p(0)?
-25
Let r(t) = -t**3 + 3*t**2 + 2*t + 9. Determine r(4).
1
Let i(t) = t**2 + 172*t - 345. What is i(2)?
3
Let u(v) = -2*v**2 + 27*v + 8. Determine u(12).
44
Let b(g) = 9*g - 81. Determine b(11).
18
Let s(b) = 2*b**2 + 2*b + 2. Determine s(0).
2
Let w(m) = 9*m - 34. What is w(4)?
2
Let j(o) = 51*o - 1. Give j(-1).
-52
Let h(u) = -u**2 - 8*u + 1. Determine h(-6).
13
Let m(c) = -2*c + 8. What is m(2)?
4
Let m(r) = -r**3 - 2*r**2 - 3*r. Calculate m(-2).
6
Let b(q) = q + 1. What is b(10)?
11
Let m(n) = -4*n + 13. Calculate m(-5).
33
Let h(w) = 3*w + 26. What is h(-8)?
2
Let h(x) = -3*x + 3. Determine h(2).
-3
Let y(j) = -5*j + 155. What is y(32)?
-5
Let a(r) = r**3 + 9*r**2 + 7*r + 4. Calculate a(-8).
12
Let k(h) = -h**3 - 15*h**2 + 15*h - 3. Determine k(-16).
13
Let q(m) = -m**2 - 11*m + 6. What is q(-8)?
30
Let d(v) = -v**3 - 3*v**2 - v + 3. Give d(-3).
6
Let z(p) = p**3 - 2*p**2 - p - 2. What is z(-2)?
-16
Let l(w) = -4*w + 84. Give l(22).
-4
Let c(q) = q**3 - 7*q**2 + 2*q + 3. Give c(6).
-21
Let m(h) = -h**3 + 20*h**2 - 20*h + 31. Calculate m(19).
12
Let w(t) = -4*t - 4. What is w(-1)?
0
Let s(r) = r**2 + 13*r + 45. Calculate s(-6).
3
Let l(y) = -y**2 + 9*y - 3. Give l(4).
17
Let l(g) = -2*g**3 + 20*g**2 - 21*g + 10. What is l(9)?
-17
Let s(w) = w**2 - 3*w + 5. What is s(2)?
3
Let t(j) = -j**3 - 9*j**2 - 18*j - 24. Give t(-7).
4
Let l(r) = -r**2 + 10*r + 26. Determine l(11).
15
Let t(u) = 64*u - 1. What is t(1)?
63
Let j(h) = -3*h - 2. What is j(-8)?
22
Let q(k) = -k**3 - 13*k**2 - 4*k - 44. Determine q(-13).
8
Let q(l) = -3*l**2 + 5*l - 12. Give q(4).
-40
Let r(w) = w**2 - 14*w + 37. Give r(8).
-11
Let l(o) = o**2 + 8*o + 4. Determine l(-7).
-3
Let s(d) = 35*d - 625. Give s(18).
5
Let j(n) = -8*n - 45. What is j(-6)?
3
Let h(o) = -o**3 + o**2 - 38*o + 134. Calculate h(3).
2
Let v(o) = -o**2 + 22*o - 23. What is v(21)?
-2
Let b(q) = q**2 + 10*q + 26. Determine b(-3).
5
Let n(q) = -q**3 + 3*q**2 - 3*q. Calculate n(2).
-2
Let k(w) = w**3 - 9*w**2 + 19*w - 40. Calculate k(7).
-5
Let i(s) = 3*s + 6. Determine i(-5).
-9
Let t(f) = -2*f**2 - 9*f - 2. Give t(-7).
-37
Let g(a) = 4*a - 6. Determine g(6).
18
Let t(s) = 4*s - 19. What is t(6)?
5
Let s(a) = 10*a + 42. What is s(-3)?
12
Let k(y) = -7*y - 3. Calculate k(-3).
18
Let k(x) = -3*x**2 + 7*x - 1. Determine k(3).
-7
Let u(l) = -2*l - 4. Determine u